*o + 3*r - 9, -5*o - 15 = -8*r + 3*r. Determine b(o).
2
Let f(w) = 0*w + w - 5*w**2 - w**3 + 1 + 0*w**3 - 2*w. Give f(-4).
-11
Let t(u) be the third derivative of -u**5/60 + u**4/8 - u**3/2 - 20*u**2. What is t(4)?
-7
Let l(p) = p**2 + 0*p - 4 + 0*p - 7*p. Suppose k - t - 3 = 0, -21 = -4*k - k + 3*t. Determine l(k).
-10
Suppose -2 - 2 = 2*a. Let m(r) = 16*r + 5. Let x(k) = -5*k - 2. Let q(z) = a*m(z) - 7*x(z). What is q(-4)?
-8
Let i(g) = -g + 2. Suppose -2*k = 4*c - 5*k - 24, -k = 4. Calculate i(c).
-1
Let m(t) = t**3 + t**2 - 5*t + 2. Let q(n) = 3*n**3 + 4*n**2 - 15*n + 6. Let i(v) = 8*m(v) - 3*q(v). What is i(-5)?
-2
Let h = 90 - 84. Let v(n) be the second derivative of -n**4/12 + 4*n**3/3 - 3*n**2 + 2*n. Determine v(h).
6
Let m(v) = -v**3 + 7*v**2 - 5*v - 5. Suppose -22 = -4*r + 2. Determine m(r).
1
Let a(x) = -2*x + 3*x + 13 - 13. Suppose -2*u - 9 = -c - 1, 5*c - 3*u - 26 = 0. What is a(c)?
4
Let k(o) = o**3 + 4*o**2 + o. Let f(p) = p**2 - 9*p - 4. Let j be f(9). Give k(j).
-4
Let q(w) = -4*w**2 + 6*w - 6. Suppose 0*i - 5 = 5*i. Let c(p) = p**2. Let o(t) = i*q(t) - 3*c(t). What is o(5)?
1
Let j = -5 - 0. Let f = 3 + j. Let k be -2 + 8 + f + -1. Let b(a) = a**3 - 4*a**2 + 2*a + 2. Determine b(k).
-1
Let d(k) be the third derivative of k**5/15 - 4*k**2. Let l be d(-1). Let o(y) = -y**3 + 3*y**2 + 6*y - 1. What is o(l)?
7
Let l(p) be the third derivative of p**4/6 + p**3/3 + p**2. Let w be 2/(((-16)/6)/(-4)). Let m = w + -6. What is l(m)?
-10
Suppose 0 = -3*d - d + 76. Suppose -o + 0*x = 5*x - d, -1 = -4*o + 5*x. Let h(p) = 2 + p - p**2 + o*p**2 - 3 - 3*p. Calculate h(-1).
4
Suppose -3*c - 48 = -6*c. Let w = c - 20. Let g(i) = 2*i + 6. Calculate g(w).
-2
Suppose 3*v - 5*q = -46, -34 = -2*v + 4*v - 4*q. Let y(f) = 2*f + 10. What is y(v)?
-4
Let l be (-8 - -4) + (24/4 - -1). Let s(x) = x**3 - 3*x**2 - 3*x + 3. What is s(l)?
-6
Let u(i) = -i**2 - i + 32. Let f be u(-5). Let q(m) = m**3 - 13*m**2 + 11*m + 7. Give q(f).
-5
Let l(g) be the third derivative of -g**4/24 - 7*g**3/6 - 15*g**2. Calculate l(-10).
3
Let o be -2 - (6 - 3 - 7). Let u = -1 + o. Let n(g) = 4*g + 1. Give n(u).
5
Suppose -3*m = -5*m + 6. Let t(k) = -k + 2 - m - 1. Determine t(5).
-7
Let r(c) = -9*c**2. Let k be -1*1*0 - -7. Let o = -38 - -32. Let f = o + k. Determine r(f).
-9
Let u be 70/9 + (-6)/(-27). Suppose -h - 4 = -2*p, 0*p + u = 5*h + 4*p. Suppose 4*d = 4*a + 16, -5*d + 8 - 3 = h. Let c(n) = -2*n - 3. Determine c(a).
3
Let t(v) = -v - 4. Let r be t(-2). Let s(y) = 10*y - 2 + 2 - 5 + 4. Let n(k) = 7*k - 1. Let b(p) = 7*n(p) - 5*s(p). What is b(r)?
0
Let s(q) = -q**2 + 3*q + 5. Let k = 41 - 25. Let h = -12 + k. Calculate s(h).
1
Let i(q) = q - 2. Let b = -46 + 49. Calculate i(b).
1
Suppose u - 2*u - 1 = 0. Let c(t) = -11*t**3 - 2*t**2 - 2*t - 1. Give c(u).
10
Let g(v) = -7*v. Let r = -32 - -45. Let b = r - 12. Determine g(b).
-7
Let l(w) = -6 - w**2 + 0 + 5 - 6*w. What is l(-5)?
4
Let o(h) = -h**2 + 3*h**2 + 2*h**2 + 5 - h**3 - 3*h. Suppose 2*p + 8 = 4*p. Determine o(p).
-7
Let u(o) be the first derivative of -o**5/20 - o**4/24 - o**3 - 1. Let m(t) be the third derivative of u(t). What is m(1)?
-7
Let j(h) = -3*h. Let s(o) = o**2 - o + 5. Let t be s(4). Suppose 5*d - t = -2*k, -d + 1 = -5*k + 3. Give j(k).
-3
Suppose -a + 11 = 10. Let r(n) = -n**2 + 2*n - 1. Determine r(a).
0
Let a(f) = 4*f + 3*f**2 - 3*f + 3*f - 5 - 4*f**2. Suppose -4*j + 10 = y, 3*y - 2 = 2*j - 14. Suppose 0 = 3*s + j*g - 6, 0 = 2*s + 3*g - 2. Determine a(s).
-5
Let t = -46 - -45. Let o(q) = -2*q**3 + q. Calculate o(t).
1
Let j(o) = 3*o**2 - o**3 + 0*o**2 + 0*o - o + 2*o. Let s be j(3). Let t(r) = r - s + 2*r - 3*r - 3*r. Calculate t(-3).
6
Let y(t) = t**2 - 11 + 6 + 1 + 4*t + 0. Calculate y(-3).
-7
Let m(k) = k + 1. Let x(q) be the second derivative of q**3/2 - 3*q**2/2 + q. Let p(o) = -2*m(o) + x(o). Determine p(6).
1
Suppose x = 6 - 1. Let v(r) = r**3 - 5*r**2 - r + 3. Let f be v(x). Let a be (0 - 1) + 0 + f. Let h(n) = n**2 + 4*n + 2. Calculate h(a).
-1
Let s(t) = 2*t**2 - 3*t - t + 2*t. Calculate s(3).
12
Let s(p) = -2*p**2 - 3*p. Suppose 3*h + 6 = -0. Calculate s(h).
-2
Let u(b) be the second derivative of 0 - b**2 - 1/3*b**3 - 3*b + 1/12*b**4. Determine u(3).
1
Let j(r) = r**2 - 5*r - 10. Suppose -2*f - 7 = -3*f. Calculate j(f).
4
Let s(j) = j**3 + 7*j**2 + 7*j + 2. Let v(t) = -t**3 + t. Let x be v(2). Determine s(x).
-4
Let h(i) = -2*i + i + 0 + 1. Let p be h(6). Let w(g) = g**2 + 5*g + 7. What is w(p)?
7
Let b(p) be the third derivative of p**5/60 + p**4/3 + 5*p**3/6 + p**2 + 2*p. What is b(-8)?
5
Suppose 2*m - 1 = -t, -2*t + 3 - 1 = -2*m. Let i be 45/(-10) + t/2. Let x(d) = 5*d + 3. Let a(s) = -s - 1. Let w(r) = -3*a(r) - x(r). Determine w(i).
8
Let j(h) = h**2 + 2*h - 2. Suppose 12 = 2*u + 3*u + 3*o, -3*o + 12 = -u. Let c be (u + 4)/(-1 + -1). What is j(c)?
-2
Suppose 0 = -3*y + y - 8. Let i(q) = q**3 + 5*q**2 + 4*q - 3. Calculate i(y).
-3
Suppose u = 5*u - 12. Suppose -2*k - 3*a + 16 = 2*k, -3*a = -4*k + 16. Suppose -k = 2*n - u*n. Let p(c) = c**3 - 3*c**2 - 3*c - 3. Give p(n).
1
Suppose -5 + 21 = 4*d. Let y(q) = q**3 - 5*q**2 + 2*q + 5. Give y(d).
-3
Suppose 2*g - 9 = -s, -4*s + 6 = -3*g + 3. Let p(x) be the third derivative of 5/24*x**4 + 0 + 1/3*x**3 - 1/60*x**5 + 0*x + g*x**2. Give p(5).
2
Let f be 0*2/6*1. Let g(u) = u + 9. Give g(f).
9
Let l(o) be the second derivative of o**3/2 - o**2/2 + o - 6. Determine l(-6).
-19
Let i be ((-6)/(-5))/(10/25). Let w(v) = -v - 3. Determine w(i).
-6
Let b(i) = -i. Let p(d) = 3*d + 3. Let y(a) = -6*b(a) - p(a). Let h(n) = n - 2. Let j be h(6). Calculate y(j).
9
Let s(c) = -6*c**2 - c**3 - c + 3 + 3 + 5*c**2. Calculate s(0).
6
Let n(z) = z + 8. Let b be -3*((-26)/(-6) - 3). What is n(b)?
4
Suppose -w - 3 = 4. Let f = w + 7. Let v(x) be the first derivative of x**3/3 + 3*x + 1. Calculate v(f).
3
Let c(q) = 6*q**2 - q**3 - 2*q**3 + 4*q**3 - 2*q - 5. Give c(-6).
7
Let o(v) be the third derivative of 1/3*v**3 + 1/360*v**6 - 7/24*v**4 + 0 - 3*v**2 + 0*v**5 + 0*v. Let n(g) be the first derivative of o(g). Calculate n(0).
-7
Suppose 5*l = -14 - 6. Let v = -1 - l. Let b(u) = -u**2 + u + v*u - 2*u. Give b(3).
-3
Let g(r) = -2*r**3 + r**2 - r - 1. Let v = -8 + 7. Let z be 2*(v - 2/(-4)). Give g(z).
3
Let k be 15/3 + -2 + -3. Let h(d) = k*d**3 - 3*d**3 + d + 2*d**2 + 2*d**3. Give h(-1).
2
Let u = 3 - 1. Let c(v) = -3*v**u + 1 - v - 2 - 3*v + v**2. What is c(-3)?
-7
Suppose 7*h = 2*h + 15. Suppose -u - h = 1. Let x(y) = 2*y + 2 - 9 - 3*y. Determine x(u).
-3
Let y(r) = -8*r**3 + r**2 - 4 - 4 + 7 + r. Give y(1).
-7
Let d(u) be the first derivative of 0*u + 1/2*u**2 + 1. Let a(f) = f**3 - f**2. Let y be a(0). What is d(y)?
0
Let i(b) = 0 - 14*b**2 - b - 3 + 12*b**2 + 2. What is i(-2)?
-7
Let b(d) = -d + 13. Suppose -u + 60 = 3*w - 2*u, 0 = 3*w - 5*u - 48. Suppose 0 = t + 6*k - 3*k - w, -19 = t - 5*k. What is b(t)?
7
Let o(p) be the second derivative of -1/3*p**4 + 1/20*p**5 - 5/6*p**3 - 2*p + 0 - 3*p**2. Calculate o(5).
-6
Let u(f) be the third derivative of -f**5/60 - f**4/24 + f**2. Let d(o) = o**3 - 7*o**2 + 1. Let t be d(7). Let b be 2*t*(-3)/(-6). What is u(b)?
-2
Let z(p) = p**3 - 4*p**2 - p. Let h be 20/(-110) - (-4)/22. Suppose h*b = -b + 3. Give z(b).
-12
Let k(q) = q**2 + q. Suppose -2*b = -5*z + 6, -2*b + 4*z - 8 + 2 = 0. Determine k(b).
6
Let g(m) be the second derivative of -m**4/12 - 7*m**3/6 - 4*m**2 - 30*m. Determine g(-7).
-8
Let m(q) = q - 3. Let y(f) = f**2 + f - 11. Let t be y(0). Let a = -7 - t. Determine m(a).
1
Let v(q) = -q**2 + 5*q + 7. Let d = 15 + -10. Determine v(d).
7
Let r(p) = 1 - 7 + 1 + 3 - p**2 + p. Determine r(0).
-2
Let l be ((-6)/(-3))/(4/6). Let i(x) be the second derivative of -x**6/360 + x**5/60 + x**4/6 - 2*x. Let b(s) be the third derivative of i(s). What is b(l)?
-4
Let t(a) = -3*a + 13. Let r be t(6). Let f(k) be the first derivative of k**3/3 + 3*k**2 + 4*k - 1. What is f(r)?
-1
Suppose -4*o + 3*o = 2. Let k be o/(-3)*-3*1. Let c(t) = 5*t - 2. What is c(k)?
-12
Let h(f) be the third derivative of -f**5/60 - f**3 - f**2. Let j be (0/5)/(-3 - -1). Determine h(j).
-6
Let b(p) be the first derivative of -2*p**3 - p + 5. Determine b(-1).
-7
Let h(d) be the third derivative of d**4/24 + 5*d**3/6 - 3*d**2. What is h(5)?
10
Le